e the prime factors of 180505?
5, 13, 2777
List the prime factors of 8215480.
2, 5, 7, 13, 37, 61
List the prime factors of 41526.
2, 3, 769
What are the prime factors of 772003?
772003
What are the prime factors of 489679?
489679
What are the prime factors of 7633490?
2, 5, 763349
What are the prime factors of 924941?
127, 7283
List the prime factors of 245953.
419, 587
What are the prime factors of 98913?
3, 32971
What are the prime factors of 31666?
2, 71, 223
List the prime factors of 638910.
2, 3, 5, 31, 229
What are the prime factors of 1285737?
3, 428579
List the prime factors of 3203339.
3203339
List the prime factors of 369730.
2, 5, 36973
What are the prime factors of 711615?
3, 5, 47441
What are the prime factors of 68173?
7, 9739
List the prime factors of 18755941.
1361, 13781
List the prime factors of 3072918.
2, 3, 673, 761
List the prime factors of 1341470.
2, 5, 13, 17, 607
List the prime factors of 23565696.
2, 3, 7, 11, 797
What are the prime factors of 2481632?
2, 77551
What are the prime factors of 1757502?
2, 3, 251, 389
What are the prime factors of 33253?
11, 3023
List the prime factors of 196392.
2, 3, 7, 167
What are the prime factors of 295833?
3, 31, 3181
What are the prime factors of 3760830?
2, 3, 5, 4643
What are the prime factors of 201216?
2, 3, 131
What are the prime factors of 38757059?
11, 17, 207257
What are the prime factors of 10239943?
7, 199, 7351
What are the prime factors of 58834?
2, 23, 1279
What are the prime factors of 2309130?
2, 3, 5, 25657
What are the prime factors of 1782162?
2, 3, 19, 193
List the prime factors of 26318030.
2, 5, 211, 12473
What are the prime factors of 185640?
2, 3, 5, 7, 13, 17
What are the prime factors of 1846239?
3, 615413
What are the prime factors of 15036762?
2, 3, 13, 263, 733
What are the prime factors of 2563225?
5, 7, 97, 151
List the prime factors of 865159.
865159
List the prime factors of 91222.
2, 17, 2683
What are the prime factors of 1129382?
2, 101, 5591
List the prime factors of 29279028.
2, 3, 2439919
What are the prime factors of 59187?
3, 109, 181
List the prime factors of 169632.
2, 3, 19, 31
What are the prime factors of 1202482?
2, 601241
What are the prime factors of 187838?
2, 7, 13417
What are the prime factors of 147586?
2, 109, 677
What are the prime factors of 7683978?
2, 3, 23, 55681
What are the prime factors of 14150?
2, 5, 283
What are the prime factors of 8126310?
2, 3, 5, 37, 7321
List the prime factors of 315533.
19, 16607
What are the prime factors of 800870?
2, 5, 7, 17, 673
What are the prime factors of 469862?
2, 234931
List the prime factors of 870524.
2, 367, 593
What are the prime factors of 48858?
2, 3, 17, 479
What are the prime factors of 3310?
2, 5, 331
What are the prime factors of 1715794?
2, 857897
List the prime factors of 365716.
2, 13, 541
List the prime factors of 5160385.
5, 599, 1723
What are the prime factors of 19707825?
3, 5, 71, 3701
List the prime factors of 119394.
2, 3, 11, 67
What are the prime factors of 1905001?
7, 71, 3833
What are the prime factors of 92431?
92431
What are the prime factors of 7944168?
2, 3, 17, 19471
What are the prime factors of 250385?
5, 50077
What are the prime factors of 2779233?
3, 926411
List the prime factors of 1919237.
569, 3373
What are the prime factors of 3921103?
683, 5741
List the prime factors of 9257908.
2, 11, 210407
What are the prime factors of 3696797?
13, 284369
What are the prime factors of 1352078?
2, 7, 13, 17, 19, 23
What are the prime factors of 1308580?
2, 5, 7, 13, 719
What are the prime factors of 88977?
3, 7, 19, 223
What are the prime factors of 16701892?
2, 4175473
What are the prime factors of 2720337?
3, 906779
What are the prime factors of 422913?
3, 61, 2311
What are the prime factors of 708737?
83, 8539
List the prime factors of 91070.
2, 5, 7, 1301
List the prime factors of 362781.
3, 173, 233
What are the prime factors of 13574507?
13574507
What are the prime factors of 220153?
19, 11587
What are the prime factors of 59718?
2, 3, 37, 269
List the prime factors of 221109.
3, 7, 10529
List the prime factors of 576713.
241, 2393
What are the prime factors of 246414?
2, 3, 7, 5867
List the prime factors of 182342.
2, 17, 31, 173
List the prime factors of 443166.
2, 3, 233, 317
What are the prime factors of 1158194?
2, 239, 2423
List the prime factors of 225771.
3, 7, 13, 827
List the prime factors of 14693780.
2, 5, 17, 23, 1879
What are the prime factors of 931831?
653, 1427
List the prime factors of 484608.
2, 3, 631
What are the prime factors of 4060860?
2, 3, 5, 53, 1277
List the prime factors of 545930.
2, 5, 7, 11, 709
List the prime factors of 269688.
2, 3, 17, 661
List the prime factors of 10996360.
2, 5, 274909
List the prime factors of 127602.
2, 3, 17, 139
What are the prime factors of 16846662?
2, 3, 7, 211, 1901
List the prime factors of 6064580.
2, 5, 17, 17837
List the prime factors of 1228895.
5, 107, 2297
What are the prime factors of 1132526?
2, 61, 9283
List the prime factors of 227265.
3, 5, 109, 139
List the prime factors of 463954.
2, 229, 1013
What are the prime factors of 3635627?
151, 24077
What are the prime factors of 8715677?
641, 13597
What are the prime factors of 268868?
2, 67217
What are the prime factors of 20212878?
2, 3, 7, 37, 13007
List the prime factors of 2727648.
2, 3, 7, 11, 41
What are the prime factors of 1970826?
2, 3, 11, 13, 2297
What are the prime factors of 11301755?
5, 2260351
What are the prime factors of 1033659?
3, 11, 53, 197
List the prime factors of 371827.
71, 5237
What are the prime factors of 6196?
2, 1549
List the prime factors of 18027450.
2, 3, 5, 7, 59, 97
What are the prime factors of 1325226?
2, 3, 7, 139, 227
What are the prime factors of 112730?
2, 5, 11273
List the prime factors of 22822804.
2, 89, 64109
List the prime factors of 188459.
188459
List the prime factors of 348869.
41, 67, 127
List the prime factors of 30443.
7, 4349
List the prime factors of 6300302.
2, 17, 185303
What are the prime factors of 216480?
2, 3, 5, 11, 41
List the prime factors of 336115.
5, 13, 5171
What are the prime factors of 32477?
47, 691
List the prime factors of 18663.
3, 6221
What are the prime factors of 145552?
2, 11, 827
List the prime factors of 2438669.
19, 128351
List the prime factors of 14891860.
2, 5, 83, 8971
List the prime factors of 6220025.
5, 7, 35543
What are the prime factors of 2541529?
2541529
List the prime factors of 842220.
2, 3, 5, 4679
What are the prime factors of 6437549?
59, 109111
List the prime factors of 4042502.
2, 2021251
List the prime factors of 26916962.
2, 13458481
List the prime factors of 553006.
2, 276503
What are the prime factors of 3015755?
5, 41, 47, 313
List the prime factors of 1541935.
5, 137, 2251
List the prime factors of 974533.
7, 23, 6053
What are the prime factors of 926878?
2, 67, 6917
What are the prime factors of 2492075?
5, 83, 1201
List the prime factors of 365263.
23, 15881
List the prime factors of 7395519.
3, 107, 23039
List the prime factors of 20977.
11, 1907
What are the prime factors of 1417514?
2, 7, 19, 73
What are the prime factors of 725756?
2, 181439
What are the prime factors of 3165235?
5, 443, 1429
What are the prime factors of 31973730?
2, 3, 5, 1065791
List the prime factors of 427095.
3, 5, 9491
What are the prime factors of 1426748?
2, 19, 18773
List the prime factors of 14222702.
2, 13, 29, 1451
List the prime factors of 261376.
2, 1021
What are the prime factors of 8290231?
2719, 3049
What are the prime factors of 2508477?
3, 836159
List the prime factors of 298213.
298213
What are the prime factors of 24914?
2, 12457
List the prime factors of 520344.
2, 3, 11, 73
What are the prime factors of 988345?
5, 89, 2221
What are the prime factors of 230977?
230977
List the prime factors of 813758.
2, 11, 47, 787
List the prime factors of 678326.
2, 11, 2803
List the prime factors of 3570051.
3, 17, 70001
List the prime factors of 12873512.
2, 43, 37423
List the prime factors of 1030768.
2, 23, 2801
List the prime factors of 282650.
2, 5, 5653
List the prime factors of 1245291.
3, 415097
List the prime factors of 886120.
2, 5, 22153
List the prime factors of 40215.
3, 5, 7, 383
List the prime factors of 3519636.
2, 3, 19, 43, 359
